rt 6 (base 9) to base 8.
6
What is -13 (base 12) in base 2?
-1111
What is 2 (base 7) in base 12?
2
Convert 88 (base 12) to base 5.
404
What is -101 (base 2) in base 12?
-5
22022 (base 3) to base 9
268
What is 40 (base 6) in base 16?
18
1a (base 13) to base 14
19
0 (base 4) to base 11
0
What is -12b (base 13) in base 5?
-1311
-2 (base 9) to base 13
-2
What is 31 (base 11) in base 15?
24
-7e (base 16) to base 14
-90
Convert 3 (base 12) to base 6.
3
Convert -1010000 (base 2) to base 11.
-73
120 (base 4) to base 12
20
What is -110 (base 7) in base 6?
-132
-21 (base 15) to base 6
-51
What is 51 (base 11) in base 16?
38
Convert 250 (base 7) to base 12.
b1
What is 4 (base 12) in base 2?
100
Convert -324 (base 5) to base 7.
-155
Convert 44 (base 16) to base 15.
48
What is -1421 (base 5) in base 12?
-178
-a (base 15) to base 5
-20
Convert 0 (base 7) to base 10.
0
What is -48 (base 13) in base 15?
-40
Convert 9 (base 12) to base 10.
9
What is 36 (base 11) in base 14?
2b
What is 4 (base 13) in base 7?
4
-21 (base 3) to base 8
-7
What is -3 (base 15) in base 7?
-3
What is d (base 15) in base 4?
31
Convert -441 (base 6) to base 16.
-a9
What is -203 (base 5) in base 7?
-104
Convert 137 (base 8) to base 13.
74
What is 405 (base 7) in base 13?
126
13 (base 14) to base 15
12
Convert 10 (base 16) to base 13.
13
14 (base 12) to base 7
22
What is 187 (base 12) in base 9?
304
What is -6 (base 10) in base 7?
-6
What is -2 (base 5) in base 15?
-2
1110001 (base 2) to base 12
95
0 (base 4) to base 3
0
Convert -1d (base 15) to base 10.
-28
What is 14 (base 6) in base 7?
13
75 (base 13) to base 5
341
10 (base 10) to base 6
14
What is -2 (base 15) in base 6?
-2
Convert 2 (base 9) to base 16.
2
What is 1010 (base 3) in base 2?
11110
-32 (base 4) to base 2
-1110
Convert -2211 (base 3) to base 2.
-1001100
Convert 4 (base 6) to base 2.
100
What is -343 (base 5) in base 15?
-68
-10100 (base 2) to base 8
-24
What is 3 (base 5) in base 14?
3
Convert -4 (base 15) to base 2.
-100
Convert 3 (base 5) to base 12.
3
What is 9 (base 15) in base 16?
9
Convert 36 (base 10) to base 2.
100100
What is -111 (base 6) in base 3?
-1121
What is -1023 (base 4) in base 13?
-5a
Convert -a (base 16) to base 14.
-a
Convert 12 (base 7) to base 13.
9
Convert 10001 (base 2) to base 14.
13
Convert -2 (base 9) to base 8.
-2
20 (base 4) to base 2
1000
-16 (base 8) to base 12
-12
Convert 38 (base 10) to base 11.
35
What is -28 (base 16) in base 13?
-31
Convert -4 (base 10) to base 14.
-4
What is -9 (base 13) in base 9?
-10
What is -13 (base 12) in base 16?
-f
200 (base 7) to base 5
343
Convert 1 (base 7) to base 12.
1
Convert 7 (base 8) to base 5.
12
-62 (base 10) to base 16
-3e
5 (base 8) to base 15
5
What is 18 (base 9) in base 5?
32
Convert 101 (base 5) to base 13.
20
Convert -3 (base 12) to base 6.
-3
-1 (base 11) to base 12
-1
Convert a (base 13) to base 7.
13
Convert 7 (base 10) to base 11.
7
What is 564 (base 7) in base 16?
123
Convert -2 (base 4) to base 2.
-10
Convert -2 (base 7) to base 2.
-10
What is -101 (base 3) in base 11?
-a
What is -1 (base 8) in base 12?
-1
85 (base 13) to base 12
91
What is -11 (base 6) in base 15?
-7
What is -43 (base 7) in base 9?
-34
What is -276 (base 9) in base 15?
-106
What is 0 (base 4) in base 3?
0
Convert -4 (base 10) to base 15.
-4
Convert 3 (base 15) to base 2.
11
Convert 12 (base 3) to base 9.
5
Convert -178 (base 10) to base 14.
-ca
4 (base 10) to base 6
4
211 (base 4) to base 8
45
-237 (base 10) to base 7
-456
-8 (base 14) to base 4
-20
What is 5 (base 16) in base 15?
5
27 (base 10) to base 4
123
Convert 11 (base 3) to base 10.
4
1 (base 2) to base 3
1
11 (base 15) to base 16
10
What is -b0 (base 16) in base 13?
-107
What is -18 (base 12) in base 2?
-10100
What is 0 (base 4) in base 13?
0
-123 (base 6) to base 11
-47
Convert -1003 (base 5) to base 9.
-152
-101 (base 2) to base 16
-5
-3 (base 9) to base 5
-3
What is 84 (base 10) in base 9?
103
What is 123 (base 7) in base 14?
4a
40 (base 8) to base 11
2a
3 (base 4) to base 2
11
1101 (base 4) to base 2
1010001
Convert 4 (base 14) to base 9.
4
Convert 8 (base 13) to base 11.
8
-22 (base 15) to base 9
-35
-10 (base 6) to base 10
-6
Convert 96 (base 10) to base 7.
165
What is -1 (base 5) in base 2?
-1
-25 (base 10) to base 11
-23
-33 (base 8) to base 2
-11011
Convert -8 (base 16) to base 5.
-13
Convert 63 (base 16) to base 11.
90
What is 6e (base 16) in base 3?
11002
Convert 118 (base 11) to base 15.
95
What is 332 (base 4) in base 2?
111110
What is -233 (base 8) in base 6?
-415
Convert 2 (base 6) to base 11.
2
20 (base 4) to base 5
13
-1 (base 9) to base 15
-1
Convert -40 (base 9) to base 4.
-210
8 (base 13) to base 6
12
What is -101 (base 2) in base 6?
-5
What is -19 (base 15) in base 8?
-30
-2a (base 15) to base 7
-55
-40 (base 5) to base 3
-202
Convert -8a (base 15) to base 6.
-334
Convert 1002 (base 4) to base 14.
4a
What is 25 (base 12) in base 4?
131
87 (base 13) to base 12
93
Convert 10103 (base 4) to base 10.
275
Convert -3 (base 16) to base 6.
-3
What is 5 (base 11) in base 4?
11
-112 (base 10) to base 7
-220
424 (base 8) to base 16
114
-20 (base 7) to base 3
-112
Convert 11 (base 2) to base 8.
3
Convert 0 (base 6) to base 15.
0
-16 (base 11) to base 13
-14
-146 (base 12) to base 11
-170
Convert 51 (base 13) to base 15.
46
Convert 0 (base 3) to base 11.
0
5 (base 12) to base 4
11
What is -21 (base 11) in base 5?
-43
What is 2202 (base 3) in base 5?
244
Convert b3 (base 13) to base 16.
92
What is -2c (base 15) in base 8?
-52
Convert 13 (base 7) to base 14.
a
Convert -32 (base 16) to base 5.
-200
What is 2 (base 12) in base 8?
2
-1 (base 14) to base 2
-1
Convert -304 (base 7) to base 15.
-a1
1 (base 4) to base 3
1
Convert -4 (base 7) to base 10.
-4
What is -2 (base 5) in base 9?
-2
Convert -5 (base 13) to base 11.
-5
-45 (base 7) to base 10
-33
2333 (base 4) to base 5
1231
Convert 4 (base 10) to base 12.
4
0 (base 7) to base 9
0
Convert -12 (base 4) to base 15.
-6
7 (base 15) to base 10
7
Convert 2 (base 12) to base 15.
2
Convert 3 (base 4) to base 12.
3
Convert -205 (base 7) to base 9.
-124
-82 (base 15) to base 14
-8a
What is 60 (base 7) in base 12?
36
6 (base 10) to base 7
6
What is 40 (base 13) in base 3?
1221
What is 2 (base 11) in base 12?
2
Convert 2 (base 11) to base 15.
2
Convert -1a (base 14) to base 5.
-44
What is -138 (base 9) in base 12?
-98
What is 7f (base 16) in base 4?
1333
-1 (base 8) to base 2
-1
Convert 1da (base 14) to base 12.
284
What is -10 (base 3) in base 2?
-11
Convert -1011110 (base 2) to base 13.
-73
-75 (base 8) to base 2
-111101
Convert 0 (base 3) to base 11.
0
What is -2 (base 15) in base 11?
-2
What is 11 (base 3) in base 10?
4
Convert 9 (base 11) to base 12.
9
-1 (base 3) to base 14
-1
Convert 23 (base 16) to base 9.
38
What is -8 (base 13) in base 2?
-1000
Convert 0 (base 11) to base 12.
0
Convert -14 (base 9) to base 7.
-16
-5 (base 11) to base 6
-5
22 (base 6) to base 16
e
-33 (base 13) to base 16
-2a
Convert -b (base 15) to base 9.
-12
-1 (base 5) to base 9
-1
What is -2 (base 8) in base 7?
-2
d (base 14) to base 8
15
What is -112 (base 3) in base 4?
-32
Convert -1 (base 13) to base 2.
-1
-180 (base 12) to base 3
-22220
What is 7 (base 10) in base 13?
7
Convert -227 (base 9) to base 11.
-160
10 (base 15) to base 2
1111
What is 180 (base 10) in base 6?
500
Convert 7d (base 16) to base 12.
a5
What is 149 (base 11) in base 15?
b9
What is 1 (base 10) in base 8?
1
-4 (base 12) to base 11
-4
What is -5 (base 12) in base 6?
-5
What is -203 (base 4) in base 16?
-23
What is 2 (base 11) in base 16?
2
-1 (base 11) to base 15
-1
What is -10 (base 13) in base 4?
-31
Convert 250 (base 6) to base 4.
1212
Convert 13 (base 4) to base 13.
7
-1310 (base 4) to base 6
-312
Convert c (base 16) to base 10.
12
5 (base 8) to base 9
5
Convert 11 (base 10) to base 11.
10
What is 1 (base 10) in base 16?
1
What is -222 (base 11) in base 7?
-530
What is 1 (base 12) in base 3?
1
Convert 11110 (base 2) to base 4.
132
Convert -2 (base 10) to base 15.
-2
21 (base 3) to base 14
7
What is 1001 (base 3) in base 10?
28
What is 323 (base 10) in base 8?
503
351 (base 7) to base 2
10110111
-30 (base 5) to base 8
-17
2 (base 6) to base 8
2
Convert -21 (base 4) to base 10.
-9
-27 (base 10) to base 9
-30
W